[INFO] cloning repository https://github.com/yeliknewo/dots
[INFO] running `Command { std: "git" "-c" "credential.helper=" "-c" "credential.helper=/workspace/cargo-home/bin/git-credential-null" "clone" "--bare" "https://github.com/yeliknewo/dots" "/workspace/cache/git-repos/https%3A%2F%2Fgithub.com%2Fyeliknewo%2Fdots", kill_on_drop: false }`
[INFO] [stderr] Cloning into bare repository '/workspace/cache/git-repos/https%3A%2F%2Fgithub.com%2Fyeliknewo%2Fdots'...
[INFO] running `Command { std: "git" "rev-parse" "HEAD", kill_on_drop: false }`
[INFO] [stdout] 7a8f22836f32dc31f67611f69ec0303ba23a8ff6
[INFO] checking yeliknewo/dots against master#af3c6e733a40e671550e0f0f5aeecaa13772ba56 for pr-74989
[INFO] running `Command { std: "git" "clone" "/workspace/cache/git-repos/https%3A%2F%2Fgithub.com%2Fyeliknewo%2Fdots" "/workspace/builds/worker-7/source", kill_on_drop: false }`
[INFO] [stderr] Cloning into '/workspace/builds/worker-7/source'...
[INFO] [stderr] done.
[INFO] validating manifest of git repo https://github.com/yeliknewo/dots on toolchain af3c6e733a40e671550e0f0f5aeecaa13772ba56
[INFO] running `Command { std: "/workspace/cargo-home/bin/cargo" "+af3c6e733a40e671550e0f0f5aeecaa13772ba56" "read-manifest" "--manifest-path" "Cargo.toml", kill_on_drop: false }`
[INFO] started tweaking git repo https://github.com/yeliknewo/dots
[INFO] finished tweaking git repo https://github.com/yeliknewo/dots
[INFO] tweaked toml for git repo https://github.com/yeliknewo/dots written to /workspace/builds/worker-7/source/Cargo.toml
[INFO] crate git repo https://github.com/yeliknewo/dots already has a lockfile, it will not be regenerated
[INFO] running `Command { std: "/workspace/cargo-home/bin/cargo" "+af3c6e733a40e671550e0f0f5aeecaa13772ba56" "fetch" "--locked" "--manifest-path" "Cargo.toml", kill_on_drop: false }`
[INFO] [stderr] error: the lock file /workspace/builds/worker-7/source/Cargo.lock needs to be updated but --locked was passed to prevent this
[INFO] [stderr] If you want to try to generate the lock file without accessing the network, use the --offline flag.
[INFO] the lockfile is outdated, regenerating it
[INFO] running `Command { std: "/workspace/cargo-home/bin/cargo" "+af3c6e733a40e671550e0f0f5aeecaa13772ba56" "generate-lockfile" "--manifest-path" "Cargo.toml" "-Zno-index-update", kill_on_drop: false }`
[INFO] running `Command { std: "/workspace/cargo-home/bin/cargo" "+af3c6e733a40e671550e0f0f5aeecaa13772ba56" "fetch" "--locked" "--manifest-path" "Cargo.toml", kill_on_drop: false }`
[INFO] running `Command { std: "docker" "create" "-v" "/var/lib/crater-agent-workspace/builds/worker-7/target:/opt/rustwide/target:rw,Z" "-v" "/var/lib/crater-agent-workspace/builds/worker-7/source:/opt/rustwide/workdir:ro,Z" "-v" "/var/lib/crater-agent-workspace/cargo-home:/opt/rustwide/cargo-home:ro,Z" "-v" "/var/lib/crater-agent-workspace/rustup-home:/opt/rustwide/rustup-home:ro,Z" "-e" "SOURCE_DIR=/opt/rustwide/workdir" "-e" "CARGO_TARGET_DIR=/opt/rustwide/target" "-e" "CARGO_HOME=/opt/rustwide/cargo-home" "-e" "RUSTUP_HOME=/opt/rustwide/rustup-home" "-w" "/opt/rustwide/workdir" "-m" "1610612736" "--user" "0:0" "--network" "none" "rustops/crates-build-env@sha256:d92eaeed33fa75130ca1ee6c8a01d1ffb62bac859dfdfb3450e3e5d1c0146529" "/opt/rustwide/cargo-home/bin/cargo" "+af3c6e733a40e671550e0f0f5aeecaa13772ba56" "metadata" "--no-deps" "--format-version=1", kill_on_drop: false }`
[INFO] [stdout] 92e762c76ff5dd99d60e10eafa246b62f975a358d2de80a01e9b28dab7b61f95
[INFO] [stderr] WARNING: Your kernel does not support swap limit capabilities or the cgroup is not mounted. Memory limited without swap.
[INFO] running `Command { std: "docker" "start" "-a" "92e762c76ff5dd99d60e10eafa246b62f975a358d2de80a01e9b28dab7b61f95", kill_on_drop: false }`
[INFO] running `Command { std: "docker" "inspect" "92e762c76ff5dd99d60e10eafa246b62f975a358d2de80a01e9b28dab7b61f95", kill_on_drop: false }`
[INFO] running `Command { std: "docker" "rm" "-f" "92e762c76ff5dd99d60e10eafa246b62f975a358d2de80a01e9b28dab7b61f95", kill_on_drop: false }`
[INFO] [stdout] 92e762c76ff5dd99d60e10eafa246b62f975a358d2de80a01e9b28dab7b61f95
[INFO] running `Command { std: "docker" "create" "-v" "/var/lib/crater-agent-workspace/builds/worker-7/target:/opt/rustwide/target:rw,Z" "-v" "/var/lib/crater-agent-workspace/builds/worker-7/source:/opt/rustwide/workdir:ro,Z" "-v" "/var/lib/crater-agent-workspace/cargo-home:/opt/rustwide/cargo-home:ro,Z" "-v" "/var/lib/crater-agent-workspace/rustup-home:/opt/rustwide/rustup-home:ro,Z" "-e" "SOURCE_DIR=/opt/rustwide/workdir" "-e" "CARGO_TARGET_DIR=/opt/rustwide/target" "-e" "CARGO_INCREMENTAL=0" "-e" "RUST_BACKTRACE=full" "-e" "RUSTFLAGS=--cap-lints=forbid" "-e" "CARGO_HOME=/opt/rustwide/cargo-home" "-e" "RUSTUP_HOME=/opt/rustwide/rustup-home" "-w" "/opt/rustwide/workdir" "-m" "1610612736" "--user" "0:0" "--network" "none" "rustops/crates-build-env@sha256:d92eaeed33fa75130ca1ee6c8a01d1ffb62bac859dfdfb3450e3e5d1c0146529" "/opt/rustwide/cargo-home/bin/cargo" "+af3c6e733a40e671550e0f0f5aeecaa13772ba56" "check" "--frozen" "--all" "--all-targets" "--message-format=json", kill_on_drop: false }`
[INFO] [stderr] WARNING: Your kernel does not support swap limit capabilities or the cgroup is not mounted. Memory limited without swap.
[INFO] [stdout] 34936cb8deab131c363b2ed19b05c8f137e46406e718c1693c67fb4a6cb518f3
[INFO] running `Command { std: "docker" "start" "-a" "34936cb8deab131c363b2ed19b05c8f137e46406e718c1693c67fb4a6cb518f3", kill_on_drop: false }`
[INFO] [stderr]    Compiling khronos_api v3.1.0
[INFO] [stderr]    Compiling proc-macro2 v0.4.30
[INFO] [stderr]    Compiling unicode-xid v0.1.0
[INFO] [stderr]    Compiling semver-parser v0.7.0
[INFO] [stderr]    Compiling libloading v0.6.3
[INFO] [stderr]     Checking piston-float v1.0.0
[INFO] [stderr]    Compiling nix v0.14.1
[INFO] [stderr]    Compiling syn v1.0.41
[INFO] [stderr]     Checking void v1.0.2
[INFO] [stderr]     Checking adler32 v1.2.0
[INFO] [stderr]    Compiling serde_derive v1.0.116
[INFO] [stderr]    Compiling serde v1.0.116
[INFO] [stderr]    Compiling crc32fast v1.2.0
[INFO] [stderr]     Checking downcast-rs v1.2.0
[INFO] [stderr]     Checking piston-graphics_api_version v1.0.0
[INFO] [stderr]    Compiling getrandom v0.1.15
[INFO] [stderr]     Checking bytemuck v1.4.1
[INFO] [stderr]     Checking piston-texture v0.8.0
[INFO] [stderr]     Checking read_color v1.0.0
[INFO] [stderr]     Checking interpolation v0.2.0
[INFO] [stderr]     Checking piston-shaders_graphics2d v0.3.1
[INFO] [stderr]    Compiling num-traits v0.2.12
[INFO] [stderr]    Compiling num-integer v0.1.43
[INFO] [stderr]    Compiling num-rational v0.3.0
[INFO] [stderr]     Checking lock_api v0.3.4
[INFO] [stderr]     Checking piston-viewport v1.0.0
[INFO] [stderr]     Checking vecmath v1.0.0
[INFO] [stderr]    Compiling libloading v0.5.2
[INFO] [stderr]     Checking miniz_oxide v0.3.7
[INFO] [stderr]     Checking shader_version v0.7.0
[INFO] [stderr]    Compiling log v0.4.11
[INFO] [stderr]    Compiling semver v0.9.0
[INFO] [stderr]     Checking memmap v0.7.0
[INFO] [stderr]     Checking raw-window-handle v0.3.3
[INFO] [stderr]     Checking draw_state v0.8.0
[INFO] [stderr]     Checking smallvec v0.6.13
[INFO] [stderr]     Checking stb_truetype v0.3.1
[INFO] [stderr]     Checking deflate v0.8.6
[INFO] [stderr]     Checking dlib v0.4.2
[INFO] [stderr]    Compiling gl_generator v0.14.0
[INFO] [stderr]    Compiling gl_generator v0.10.0
[INFO] [stderr]    Compiling rustc_version v0.2.3
[INFO] [stderr]     Checking wayland-sys v0.21.13
[INFO] [stderr]     Checking rand_core v0.5.1
[INFO] [stderr]     Checking jpeg-decoder v0.1.20
[INFO] [stderr]     Checking gfx_core v0.9.2
[INFO] [stderr]     Checking tiff v0.5.0
[INFO] [stderr]     Checking png v0.16.7
[INFO] [stderr]     Checking rand_chacha v0.2.2
[INFO] [stderr]    Compiling parking_lot_core v0.6.2
[INFO] [stderr]    Compiling parking_lot v0.9.0
[INFO] [stderr]     Checking rand v0.7.3
[INFO] [stderr]    Compiling quote v0.6.13
[INFO] [stderr]    Compiling wayland-scanner v0.21.13
[INFO] [stderr]     Checking approx v0.3.2
[INFO] [stderr]     Checking ordered-float v1.1.0
[INFO] [stderr]     Checking line_drawing v0.7.0
[INFO] [stderr]     Checking rusttype v0.8.3
[INFO] [stderr]     Checking num-iter v0.1.41
[INFO] [stderr]    Compiling gl v0.11.0
[INFO] [stderr]    Compiling glutin_egl_sys v0.1.5
[INFO] [stderr]    Compiling glutin_glx_sys v0.1.7
[INFO] [stderr]    Compiling gfx_gl v0.6.1
[INFO] [stderr]     Checking rusttype v0.7.9
[INFO] [stderr]     Checking piston2d-graphics v0.37.0
[INFO] [stderr]     Checking andrew v0.2.1
[INFO] [stderr]     Checking image v0.23.9
[INFO] [stderr]     Checking wayland-commons v0.21.13
[INFO] [stderr]    Compiling wayland-client v0.21.13
[INFO] [stderr]    Compiling wayland-protocols v0.21.13
[INFO] [stderr]     Checking gfx v0.18.2
[INFO] [stderr]     Checking piston-gfx_texture v0.41.0
[INFO] [stderr]     Checking gfx_device_gl v0.16.2
[INFO] [stderr]     Checking piston2d-gfx_graphics v0.70.0
[INFO] [stderr]     Checking pistoncore-input v1.0.0
[INFO] [stderr]     Checking smithay-client-toolkit v0.4.6
[INFO] [stderr]     Checking pistoncore-window v0.47.0
[INFO] [stderr]     Checking pistoncore-event_loop v0.52.0
[INFO] [stderr]     Checking piston v0.52.0
[INFO] [stderr]     Checking winit v0.19.5
[INFO] [stderr]     Checking glutin v0.21.2
[INFO] [stderr]     Checking pistoncore-glutin_window v0.66.0
[INFO] [stderr]     Checking piston_window v0.112.0
[INFO] [stderr]     Checking dots v0.1.0 (/opt/rustwide/workdir)
[INFO] [stdout] error[E0433]: failed to resolve: could not find `OsRng` in `rand`
[INFO] [stdout]    --> src/main.rs:102:73
[INFO] [stdout]     |
[INFO] [stdout] 102 |                     world_events.push_back(WorldEvents::Set(x, y, rand::OsRng::new().unwrap().next_f32()));
[INFO] [stdout]     |                                                                         ^^^^^ not found in `rand`
[INFO] [stdout]     |
[INFO] [stdout] help: consider importing this struct
[INFO] [stdout]     |
[INFO] [stdout] 8   | use rngs::OsRng;
[INFO] [stdout]     |
[INFO] [stdout] 
[INFO] [stdout] 
[INFO] [stdout] warning: unused import: `rand::*`
[INFO] [stdout]   --> src/main.rs:10:5
[INFO] [stdout]    |
[INFO] [stdout] 10 | use rand::*;
[INFO] [stdout]    |     ^^^^^^^
[INFO] [stdout]    |
[INFO] [stdout]    = note: `#[warn(unused_imports)]` on by default
[INFO] [stdout] 
[INFO] [stdout] 
[INFO] [stdout] error[E0433]: failed to resolve: could not find `OsRng` in `rand`
[INFO] [stdout]    --> src/main.rs:102:73
[INFO] [stdout]     |
[INFO] [stdout] 102 |                     world_events.push_back(WorldEvents::Set(x, y, rand::OsRng::new().unwrap().next_f32()));
[INFO] [stdout]     |                                                                         ^^^^^ not found in `rand`
[INFO] [stdout]     |
[INFO] [stdout] help: consider importing this struct
[INFO] [stdout]     |
[INFO] [stdout] 8   | use rngs::OsRng;
[INFO] [stdout]     |
[INFO] [stdout] 
[INFO] [stdout] 
[INFO] [stdout] warning: unused import: `rand::*`
[INFO] [stdout]   --> src/main.rs:10:5
[INFO] [stdout]    |
[INFO] [stdout] 10 | use rand::*;
[INFO] [stdout]    |     ^^^^^^^
[INFO] [stdout]    |
[INFO] [stdout]    = note: `#[warn(unused_imports)]` on by default
[INFO] [stdout] 
[INFO] [stdout] 
[INFO] [stdout] error[E0107]: wrong number of type arguments: expected at most 1, found 2
[INFO] [stdout]   --> src/main.rs:25:17
[INFO] [stdout]    |
[INFO] [stdout] 25 |     let window: PistonWindow<(), GlutinWindow> = WindowSettings::new("Hello Piston!", [WIDTH as u32, HEIGHT as u32])
[INFO] [stdout]    |                 ^^^^^^^^^^^^^^^^^^^^^^^^^^^^^^ expected at most 1 type argument
[INFO] [stdout] 
[INFO] [stdout] 
[INFO] [stdout] error[E0107]: wrong number of type arguments: expected at most 1, found 2
[INFO] [stdout]   --> src/main.rs:25:17
[INFO] [stdout]    |
[INFO] [stdout] 25 |     let window: PistonWindow<(), GlutinWindow> = WindowSettings::new("Hello Piston!", [WIDTH as u32, HEIGHT as u32])
[INFO] [stdout]    |                 ^^^^^^^^^^^^^^^^^^^^^^^^^^^^^^ expected at most 1 type argument
[INFO] [stdout] 
[INFO] [stdout] 
[INFO] [stdout] error[E0277]: the trait bound `(): Window` is not satisfied
[INFO] [stdout]    --> src/main.rs:25:17
[INFO] [stdout]     |
[INFO] [stdout] 25  |     let window: PistonWindow<(), GlutinWindow> = WindowSettings::new("Hello Piston!", [WIDTH as u32, HEIGHT as u32])
[INFO] [stdout]     |                 ^^^^^^^^^^^^^^^^^^^^^^^^^^^^^^ the trait `Window` is not implemented for `()`
[INFO] [stdout]     | 
[INFO] [stdout]    ::: /opt/rustwide/cargo-home/registry/src/github.com-1ecc6299db9ec823/piston_window-0.112.0/src/lib.rs:149:28
[INFO] [stdout]     |
[INFO] [stdout] 149 | pub struct PistonWindow<W: Window = GlutinWindow> {
[INFO] [stdout]     |                            ------ required by this bound in `piston_window::PistonWindow`
[INFO] [stdout] 
[INFO] [stdout] 
[INFO] [stdout] error[E0277]: the trait bound `(): Window` is not satisfied
[INFO] [stdout]    --> src/main.rs:25:17
[INFO] [stdout]     |
[INFO] [stdout] 25  |     let window: PistonWindow<(), GlutinWindow> = WindowSettings::new("Hello Piston!", [WIDTH as u32, HEIGHT as u32])
[INFO] [stdout]     |                 ^^^^^^^^^^^^^^^^^^^^^^^^^^^^^^ the trait `Window` is not implemented for `()`
[INFO] [stdout]     | 
[INFO] [stdout]    ::: /opt/rustwide/cargo-home/registry/src/github.com-1ecc6299db9ec823/piston_window-0.112.0/src/lib.rs:149:28
[INFO] [stdout]     |
[INFO] [stdout] 149 | pub struct PistonWindow<W: Window = GlutinWindow> {
[INFO] [stdout]     |                            ------ required by this bound in `piston_window::PistonWindow`
[INFO] [stdout] 
[INFO] [stdout] 
[INFO] [stdout] error[E0599]: no method named `opengl` found for struct `piston_window::WindowSettings` in the current scope
[INFO] [stdout]   --> src/main.rs:27:10
[INFO] [stdout]    |
[INFO] [stdout] 27 |         .opengl(opengl)
[INFO] [stdout]    |          ^^^^^^ method not found in `piston_window::WindowSettings`
[INFO] [stdout] 
[INFO] [stdout] 
[INFO] [stdout] error[E0599]: no method named `borrow_mut` found for struct `gfx_device_gl::factory::Factory` in the current scope
[INFO] [stdout]    --> src/main.rs:35:30
[INFO] [stdout]     |
[INFO] [stdout] 35  |         &mut *window.factory.borrow_mut(),
[INFO] [stdout]     |                              ^^^^^^^^^^ method not found in `gfx_device_gl::factory::Factory`
[INFO] [stdout]     |
[INFO] [stdout]     = help: items from traits can only be used if the trait is in scope
[INFO] [stdout] help: the following trait is implemented but not in scope; perhaps add a `use` for it:
[INFO] [stdout]     |
[INFO] [stdout] 8   | use std::borrow::BorrowMut;
[INFO] [stdout]     |
[INFO] [stdout] 
[INFO] [stdout] 
[INFO] [stdout] error[E0599]: no method named `opengl` found for struct `piston_window::WindowSettings` in the current scope
[INFO] [stdout]   --> src/main.rs:27:10
[INFO] [stdout]    |
[INFO] [stdout] 27 |         .opengl(opengl)
[INFO] [stdout]    |          ^^^^^^ method not found in `piston_window::WindowSettings`
[INFO] [stdout] 
[INFO] [stdout] 
[INFO] [stdout] error[E0277]: the trait bound `(): Window` is not satisfied
[INFO] [stdout]   --> src/main.rs:40:14
[INFO] [stdout]    |
[INFO] [stdout] 40 |     for e in window {
[INFO] [stdout]    |              ^^^^^^ the trait `Window` is not implemented for `()`
[INFO] [stdout]    |
[INFO] [stdout]    = note: required because of the requirements on the impl of `Iterator` for `piston_window::PistonWindow<()>`
[INFO] [stdout] 
[INFO] [stdout] 
[INFO] [stdout] error[E0599]: no method named `borrow_mut` found for struct `gfx_device_gl::factory::Factory` in the current scope
[INFO] [stdout]    --> src/main.rs:35:30
[INFO] [stdout]     |
[INFO] [stdout] 35  |         &mut *window.factory.borrow_mut(),
[INFO] [stdout]     |                              ^^^^^^^^^^ method not found in `gfx_device_gl::factory::Factory`
[INFO] [stdout]     |
[INFO] [stdout]     = help: items from traits can only be used if the trait is in scope
[INFO] [stdout] help: the following trait is implemented but not in scope; perhaps add a `use` for it:
[INFO] [stdout]     |
[INFO] [stdout] 8   | use std::borrow::BorrowMut;
[INFO] [stdout]     |
[INFO] [stdout] 
[INFO] [stdout] 
[INFO] [stdout] error[E0277]: the trait bound `(): Window` is not satisfied
[INFO] [stdout]   --> src/main.rs:40:14
[INFO] [stdout]    |
[INFO] [stdout] 40 |     for e in window {
[INFO] [stdout]    |              ^^^^^^ the trait `Window` is not implemented for `()`
[INFO] [stdout]    |
[INFO] [stdout]    = note: required because of the requirements on the impl of `Iterator` for `piston_window::PistonWindow<()>`
[INFO] [stdout] 
[INFO] [stdout] 
[INFO] [stdout] error[E0609]: no field `factory` on type `Event`
[INFO] [stdout]   --> src/main.rs:60:32
[INFO] [stdout]    |
[INFO] [stdout] 60 |         texture.update(&mut *e.factory.borrow_mut(), &canvas).expect("Unable to Update Texture");
[INFO] [stdout]    |                                ^^^^^^^
[INFO] [stdout] 
[INFO] [stdout] 
[INFO] [stdout] error[E0609]: no field `factory` on type `Event`
[INFO] [stdout]   --> src/main.rs:60:32
[INFO] [stdout]    |
[INFO] [stdout] 60 |         texture.update(&mut *e.factory.borrow_mut(), &canvas).expect("Unable to Update Texture");
[INFO] [stdout]    |                                ^^^^^^^
[INFO] [stdout] 
[INFO] [stdout] 
[INFO] [stdout] error[E0599]: no method named `draw_2d` found for enum `Event` in the current scope
[INFO] [stdout]   --> src/main.rs:61:11
[INFO] [stdout]    |
[INFO] [stdout] 61 |         e.draw_2d(|c, g| {
[INFO] [stdout]    |           ^^^^^^^ method not found in `Event`
[INFO] [stdout] 
[INFO] [stdout] 
[INFO] [stdout] error[E0599]: no method named `draw_2d` found for enum `Event` in the current scope
[INFO] [stdout]   --> src/main.rs:61:11
[INFO] [stdout]    |
[INFO] [stdout] 61 |         e.draw_2d(|c, g| {
[INFO] [stdout]    |           ^^^^^^^ method not found in `Event`
[INFO] [stdout] 
[INFO] [stdout] 
[INFO] [stdout] error: aborting due to 8 previous errors; 1 warning emitted
[INFO] [stdout] 
[INFO] [stdout] 
[INFO] [stdout] Some errors have detailed explanations: E0107, E0277, E0433, E0599, E0609.
[INFO] [stdout] 
[INFO] [stdout] For more information about an error, try `rustc --explain E0107`.
[INFO] [stdout] 
[INFO] [stderr] error: could not compile `dots`.
[INFO] [stdout] error: aborting due to 8 previous errors; 1 warning emitted
[INFO] [stdout] 
[INFO] [stdout] 
[INFO] [stderr] 
[INFO] [stdout] Some errors have detailed explanations: E0107, E0277, E0433, E0599, E0609.
[INFO] [stdout] 
[INFO] [stderr] To learn more, run the command again with --verbose.
[INFO] [stdout] For more information about an error, try `rustc --explain E0107`.
[INFO] [stdout] 
[INFO] [stderr] warning: build failed, waiting for other jobs to finish...
[INFO] [stderr] error: build failed
[INFO] running `Command { std: "docker" "inspect" "34936cb8deab131c363b2ed19b05c8f137e46406e718c1693c67fb4a6cb518f3", kill_on_drop: false }`
[INFO] running `Command { std: "docker" "rm" "-f" "34936cb8deab131c363b2ed19b05c8f137e46406e718c1693c67fb4a6cb518f3", kill_on_drop: false }`
[INFO] [stdout] 34936cb8deab131c363b2ed19b05c8f137e46406e718c1693c67fb4a6cb518f3
